, -2*m = 2*f - 0*f - 476. Let o = 345 - m. What are the prime factors of o?
2, 3
Let y be (32/12)/(6/9). Suppose s + 14 = 3*p, 0 = 2*p - y*p + 3*s. Suppose -p*c = -c + i - 214, -230 = -5*c - 5*i. What are the prime factors of c?
2, 3, 7
Let w be 0*(-2)/6 + 2. Suppose -w*b - 2 = -0. List the prime factors of b/3 + 76/3.
5
Let g = 158 - 272. Let o be 4/(-14) + g/42. What are the prime factors of 6/(-3) - (o + -38)?
3, 13
Let l be 10/15 + 26/6. Suppose -l*h - 40 = 4*n, n - 18 = 2*h + 3*n. List the prime factors of (-4)/(h - (-1 + -2)).
2
Let p = 32 - 29. Suppose -3*q - 45 = p*k - 4*k, q = 3*k - 151. Suppose -d - m + k = 0, 6*d - 2*d - 3*m - 204 = 0. List the prime factors of d.
3, 17
Suppose 12 = -2*z - 0. Let s(a) be the second derivative of a**5/20 + 7*a**4/12 + 2*a**3/3 + 4*a**2 - 46*a. What are the prime factors of s(z)?
2, 5
Let h(c) = -c**3 + 3*c**2 - 3*c + 5. Let m be h(3). Let p(v) = v**2 + 5*v - 3. Let z be p(m). Let y = 21 + z. List the prime factors of y.
2, 7
Let a = -6124 + 8816. List the prime factors of a.
2, 673
Let x be ((-2)/(-5))/((-3)/(-15)). Let j = 37 - x. Suppose -u = 4*u - j. List the prime factors of u.
7
Let c = 146 - 151. Let i(n) = -15*n + 34. What are the prime factors of i(c)?
109
Let q(m) be the second derivative of 10*m**3 + 3*m**2/2 + 4*m. Let p be q(1). Let a = p - 44. What are the prime factors of a?
19
Suppose -m + 3*w + 128 = 0, 2*m = 5*m + 4*w - 397. List the prime factors of m.
131
Let c(x) = -223*x + 35. Let s(a) = -56*a + 9. Let d(i) = 2*c(i) - 9*s(i). What are the prime factors of d(3)?
163
Let d(k) = -2*k - 56. Let g be d(-28). Let m(q) = q**3 + 2*q + 103. What are the prime factors of m(g)?
103
Let v(r) = 162*r - 10. List the prime factors of v(6).
2, 13, 37
Suppose -4*q + 4*n = -q - 35, -2*n = 10. Let t(i) = -i**3 + 5*i**2 + 3*i + 7. What are the prime factors of t(q)?
2, 11
Let s(q) = -62*q + 16. Let z(y) = 31*y - 8. Let b(d) = 3*s(d) + 7*z(d). Let f be b(-8). What are the prime factors of 10/25 - f/10?
2, 13
Let r = -22 - -23. Let y = 6 + r. Let i(j) = 3*j - 3. List the prime factors of i(y).
2, 3
Let s(c) = c**3 - 2*c**2 + 9*c - 9. Let b be s(7). Suppose 0 = -3*x - q + b, 2*x + q = -0*q + 198. List the prime factors of x.
101
Let k(j) be the third derivative of -j**5/30 + j**4/8 + j**3/3 - 11*j**2. Let n(d) = d. Let w(c) = -k(c) - 4*n(c). What are the prime factors of w(7)?
47
Suppose 0 = -r + 330 + 424. What are the prime factors of r?
2, 13, 29
Let z = 234 - 203. List the prime factors of z.
31
What are the prime factors of (-1598520)/(-594) + (-2)/18?
3, 13, 23
Let d be 60/(-9) - 2/(-3). Let a be 0 - 3*8/d. What are the prime factors of a/(-14) - (-242)/14?
17
Suppose -4*y = -2*x + 3430, x + 26*y - 1727 = 22*y. List the prime factors of x.
3, 191
Let i be ((-2920)/(-12))/((-3)/(-9)). List the prime factors of ((-16)/40)/((-4)/i).
73
Suppose -5*t + 7 = -18. Suppose -t*b + 56 + 304 = 0. List the prime factors of b.
2, 3
Let d be (-4)/(-14) - (-36)/21. Suppose 0 = d*l + 11 - 111. What are the prime factors of l?
2, 5
Let v = 45 + -74. Let u = 36 + v. Suppose -32 = -u*p + 3*p. List the prime factors of p.
2
Suppose 9*r - 4774 + 598 = 0. What are the prime factors of r?
2, 29
Suppose 0 = 6*l - 6011 - 6637. List the prime factors of l.
2, 17, 31
Let d be 2 + -1 - (1 + -5). Suppose -d*b + 3*b = -8. Suppose -b*r = -26 - 90. What are the prime factors of r?
29
Let a(h) = h**3 - 14*h**2 + 14*h + 6. Suppose 3*j + 5 = 2*j. Let o(m) = m**3 + 7*m**2 + 7*m - 2. Let s be o(j). What are the prime factors of a(s)?
19
Let y be 6/(-4) + 5*15/50. Suppose y = 2*d + 2*d - 4*x + 12, 5 = -5*d + 3*x. List the prime factors of d.
2
Suppose -6079 = -3*p - 5*o, 13*o - 10100 = -5*p + 11*o. What are the prime factors of p?
2, 1009
Let s(c) = -5*c**3 + c**2. List the prime factors of s(-4).
2, 3, 7
Let s(d) = -d**3 + d**2 - 1. Let m(k) = 33*k**3 - 2*k**2 + 4*k + 5. Let p(j) = -m(j) - 3*s(j). What are the prime factors of p(-1)?
31
Suppose -1243 + 6427 = 27*u. List the prime factors of u.
2, 3
Let v(h) = -14*h - 2. Let t be v(-12). Suppose 0 = 4*x - 38 + t. Let s = x + 48. List the prime factors of s.
2
What are the prime factors of ((-652)/(-5))/(10/(-125)*-5)?
2, 163
Suppose t = 4*m - 4*t + 6, 0 = -5*m - t + 7. List the prime factors of -3*m - (-390)/5.
3, 5
Let b(m) = m + 86. What are the prime factors of b(15)?
101
Let l = 11 - 133. Let p = -67 - l. What are the prime factors of p?
5, 11
Let w(f) be the third derivative of 11*f**5/15 + f**4/24 + f**3/3 - 6*f**2. What are the prime factors of w(-1)?
3, 5
Let b = 3 - 5. Let z(n) = n + 2. Let f be z(b). Suppose -308 = -f*k - 4*k. What are the prime factors of k?
7, 11
Let x be 3*-5*2/(-5). Suppose -10*k - 148 = -x*k. Let y = k + 96. List the prime factors of y.
59
Suppose 4*n - 9*x + 4*x - 4201 = 0, 1054 = n - 2*x. What are the prime factors of n?
2, 3, 29
Suppose -16*f + 62836 = -2876. What are the prime factors of f?
3, 37
Suppose -2*l + c - 586 = -3511, -2*l + 2931 = 5*c. List the prime factors of l.
7, 11, 19
Let z = 76 + -29. Suppose -c + z = -54. What are the prime factors of c?
101
List the prime factors of (-2741 + -2)*(-6)/((-18)/(-3)).
13, 211
Let q = 773 + -407. List the prime factors of q.
2, 3, 61
Let b(f) = -195*f**3 + f**2 + 3*f + 1. Let m be b(-1). Suppose 10 = 5*p, 3*p + m = z - p. What are the prime factors of z?
2, 101
Let w = 44 + -42. Suppose -4*u - 85 = -w*n + 143, 5*n = u + 588. List the prime factors of n.
2, 59
Let j(v) = 477*v - 2. List the prime factors of j(1).
5, 19
Let r(c) = c**3 + 2*c**2 - 5*c. Let l be r(3). Let i(s) = s - 2. Let h be i(5). Suppose 5*z + h*t - 1 = l, 2*t - 4 = 0. What are the prime factors of z?
5
Let k(u) = 5*u**3 - 3*u + 3. Let b be (-164)/(-20) + 8/10. Let v be 11/6 - b/(-54). What are the prime factors of k(v)?
37
Suppose -23*z = -3*i - 19*z + 1193, -i = -2*z - 395. What are the prime factors of i?
13, 31
Suppose v - 323 = -4*p, 4*v - 1636 = -v + p. List the prime factors of v.
3, 109
Let w = 38 + -14. Let y = w - 7. What are the prime factors of y?
17
Suppose i - 2*t - 49 = 0, -t = -i - 0*t + 50. Suppose 3*l + 15 = -i. What are the prime factors of 1/(2*(-1)/l)?
11
Suppose -3*a = -0*a + 2*z - 155, a - 60 = z. List the prime factors of a.
5, 11
Suppose -4*p = -3*s - 9452, -2*p - 4*s + 1330 = -3396. What are the prime factors of p?
17, 139
Suppose -i = -5, 2*j - 5*j + 1412 = -5*i. What are the prime factors of j?
479
Let b = 1301 - 921. What are the prime factors of b?
2, 5, 19
Suppose 5*g = -3*p + 8, 0 = 4*g + 4*p - 3*p - 12. Let r be (-2 - 15/(-6))*g. Suppose -3*f - 72 = -3*s, 2*s - 67 = -s + r*f. List the prime factors of s.
19
Suppose -4*b + 6 + 10 = 0. Suppose -k + 2 = 3*g - 2*g, -b*g = k - 11. Let z = 2 + g. What are the prime factors of z?
5
Let u(i) = -i - 8. Let v be u(-13). Suppose -82 = -5*b - a, -b + v = -a + 5*a. List the prime factors of b.
17
Let d be -3 + (0 - (3 - 1)). Let o be ((-3)/(-12))/(d/(-80)). Suppose 0*c = -2*k - 2*c + 120, 3*k - o*c = 173. List the prime factors of k.
59
Suppose -14*x + 16*x - 2004 = 0. Suppose 6*n - x = -24. What are the prime factors of n?
163
Let s(z) = 26*z - 2. Let m be ((-16)/(-14))/((-2)/(-7)). Suppose m = 4*h - 0. What are the prime factors of s(h)?
2, 3
Let b(v) = -9*v**3 + 21*v**2 + 14*v + 1. What are the prime factors of b(-4)?
857
Let h(l) = l**2 - 14*l + 205. List the prime factors of h(54).
5, 11, 43
Suppose -v - 15 = -6. What are the prime factors of (-1 - 22/6)*v?
2, 3, 7
Let c be (-4)/(-16)*2*0. Suppose 2*m + 24 - 186 = c. Suppose -129 = -3*y + m. What are the prime factors of y?
2, 5, 7
Let y(t) = t**2 - 9*t - 7. Let r be y(8). Let o = 6 - r. List the prime factors of o.
3, 7
Suppose -2*p + 0*n + 4*n + 604 = 0, 1212 = 4*p - 4*n. Let d = -191 + p. List the prime factors of d.
113
Let v(q) = 178*q**3 - q**2 + q + 1. List the prime factors of v(1).
179
Let k(q) = 5*q**3 - 61*q**2 - 103*q + 35. Let l(c) = 3*c**3 - 41*c**2 - 69*c + 23. Let x(b) = 5*k(b) - 8*l(b). What are the prime factors of x(-21)?
2, 3
Let h(q) = -q**2 + 5*q + 9. Let g be 3/2 + 18/4. Let y be h(g). Suppose y*j = -2*d + 129, 5*j - 215 = -d - d. List the prime factors of j.
43
Suppose 4*i - 23*i + 9557 = 0. List the prime factors of i.
503
Let h be ((-16)/(-6))/(12/(-36)). What are the prime facto